8.
1322
What is the highest common factor of 37941030 and 1495?
115
What is the greatest common divisor of 20331639 and 261?
261
Calculate the greatest common divisor of 2640421 and 340431.
203
Calculate the highest common divisor of 43396154 and 7874.
254
What is the highest common factor of 5 and 400735?
5
What is the greatest common factor of 122799244 and 596?
596
What is the highest common factor of 39936 and 120576?
768
Calculate the highest common divisor of 1701 and 689322.
3
What is the greatest common divisor of 4212 and 52724844?
324
Calculate the highest common divisor of 17653573 and 49.
49
What is the greatest common factor of 19164 and 16101?
3
What is the highest common factor of 42 and 1055733?
21
What is the greatest common factor of 70738 and 5453086?
626
Calculate the highest common factor of 339520 and 373760.
320
What is the greatest common divisor of 210 and 3426779160?
210
Calculate the highest common factor of 69561396 and 27.
27
What is the greatest common factor of 34 and 458137658?
34
Calculate the highest common divisor of 260 and 2592820.
20
What is the greatest common divisor of 2606921 and 948?
79
What is the highest common divisor of 19823 and 102555?
43
Calculate the greatest common factor of 346456 and 2359720.
2728
Calculate the greatest common factor of 10355100 and 1680.
420
What is the greatest common factor of 12508635 and 1515?
15
Calculate the greatest common factor of 56 and 40123468.
28
What is the highest common factor of 14805 and 537772590?
2115
Calculate the greatest common divisor of 3436784 and 5904.
656
Calculate the highest common divisor of 80 and 635401240.
40
Calculate the highest common divisor of 78952 and 8634541.
139
Calculate the greatest common factor of 690422 and 530.
2
What is the highest common factor of 61269 and 74177907?
4713
Calculate the highest common factor of 35245 and 31163230.
665
What is the greatest common factor of 710 and 7235894?
142
Calculate the highest common divisor of 2431 and 46216183.
221
What is the greatest common divisor of 643763 and 3699?
137
What is the highest common divisor of 2751894 and 162?
162
What is the highest common factor of 4113592 and 2142?
238
Calculate the highest common divisor of 55270021 and 4174.
2087
What is the greatest common factor of 23359 and 28090349?
329
Calculate the highest common divisor of 4752824 and 56.
8
Calculate the greatest common factor of 1199 and 283536.
11
What is the greatest common factor of 2145175133 and 229?
229
Calculate the greatest common factor of 298452 and 17560389.
4389
Calculate the highest common factor of 98514 and 172926.
234
What is the highest common divisor of 2106792 and 534528?
2088
What is the highest common divisor of 5830526 and 78?
26
Calculate the greatest common factor of 1632 and 69216.
96
What is the highest common divisor of 202 and 1332614099?
101
Calculate the highest common divisor of 108411146 and 524.
262
Calculate the highest common divisor of 2842 and 372534.
58
Calculate the greatest common divisor of 505 and 12810436.
101
Calculate the greatest common divisor of 19686 and 157590.
102
Calculate the greatest common divisor of 598 and 24336346.
46
Calculate the highest common factor of 6945880 and 3320.
40
Calculate the highest common divisor of 810 and 480402.
18
Calculate the highest common divisor of 23982 and 5326.
2
Calculate the greatest common factor of 24 and 202849740.
12
What is the highest common divisor of 88027 and 10799410?
2147
What is the greatest common factor of 964 and 121990826?
482
Calculate the greatest common factor of 6686216 and 6424.
584
What is the highest common factor of 216 and 2149314?
6
Calculate the highest common factor of 5127336 and 590.
118
Calculate the greatest common divisor of 640 and 258321440.
160
Calculate the greatest common divisor of 10086 and 6991279.
1681
Calculate the greatest common factor of 799110 and 576.
18
What is the greatest common divisor of 93696154 and 71942?
5534
Calculate the highest common divisor of 7351097 and 221.
13
Calculate the greatest common factor of 28 and 104702262.
14
Calculate the highest common divisor of 27405 and 699.
3
Calculate the highest common divisor of 601983 and 10935549.
2853
What is the highest common divisor of 142 and 161453858?
142
What is the highest common factor of 77 and 8900514?
7
What is the highest common factor of 1242528 and 72?
24
Calculate the greatest common factor of 5462268 and 588.
84
Calculate the highest common divisor of 72632 and 841736.
56
Calculate the greatest common divisor of 5154160 and 558800.
880
What is the highest common divisor of 523530 and 486689?
1939
Calculate the greatest common factor of 141 and 688409.
47
Calculate the highest common divisor of 118139 and 1926389.
2411
Calculate the highest common divisor of 336 and 7774914.
42
What is the greatest common divisor of 377157 and 11616?
363
What is the greatest common divisor of 1383253056 and 4288?
4288
What is the highest common factor of 257431 and 20995?
323
Calculate the highest common divisor of 6390 and 3755286.
18
Calculate the greatest common factor of 2646 and 1101944340.
882
Calculate the greatest common factor of 32779992 and 72816.
984
Calculate the highest common divisor of 2732 and 66184066.
1366
What is the greatest common divisor of 999 and 2678023?
37
Calculate the greatest common factor of 435126 and 1215420.
282
What is the greatest common divisor of 21060980 and 60?
20
Calculate the highest common factor of 975500 and 133500.
500
Calculate the greatest common divisor of 217978 and 34339.
1493
What is the highest common factor of 169157 and 421204?
307
Calculate the greatest common divisor of 21901 and 12167001.
1991
What is the highest common divisor of 959 and 1129072?
7
What is the greatest common factor of 150735 and 116805?
195
Calculate the greatest common divisor of 57927 and 597.
3
Calculate the highest common factor of 752876 and 28564.
148
Calculate the greatest common factor of 4437 and 8611173.
261
What is the greatest common divisor of 931 and 7004494?
7
What is the greatest common divisor of 219640611 and 93?
93
What is the highest common factor of 27199 and 12449?
59
Calculate the highest common divisor of 109816357 and 771.
257
What is the greatest common divisor of 3679016 and 2231?
97
Calculate the highest common divisor of 305948711 and 34.
17
What is the greatest common factor of 126 and 8235171?
63
What is the greatest common factor of 786 and 5135986?
262
Calculate the greatest common divisor of 374 and 6223258.
34
What is the highest common divisor of 213895843 and 14?
7
What is the highest common factor of 38889 and 1451943?
261
What is the greatest common factor of 15606 and 10107?
9
Calculate the highest common divisor of 7854759 and 363.
33
Calculate the greatest common factor of 81 and 63570771.
27
What is the greatest common factor of 43058835 and 25085?
865
Calculate the greatest common divisor of 931 and 114923039.
133
What is the greatest common divisor of 2038626 and 16317?
333
Calculate the highest common factor of 129954 and 5.
1
What is the greatest common divisor of 478 and 13352691?
239
Calculate the highest common factor of 72 and 516929859.
9
What is the highest common divisor of 15565 and 316053551?
3113
Calculate the greatest common divisor of 322322 and 9100.
182
What is the highest common divisor of 26 and 944866?
26
Calculate the highest common factor of 1333101296 and 16.
16
What is the highest common factor of 206057 and 41633?
527
What is the highest common divisor of 3772 and 30905882?
1886
Calculate the greatest common divisor of 1068 and 696684.
12
What is the highest common divisor of 1999433 and 10629?
1181
Calculate the greatest common factor of 4269606 and 21054.
726
What is the highest common factor of 42 and 1020876?
6
Calculate the highest common factor of 134751260 and 875.
35
What is the greatest common divisor of 14544 and 167499?
9
What is the highest common factor of 1384 and 14398444?
692
Calculate the greatest common factor of 93 and 289478.
31
What is the highest common factor of 239730214 and 2?
2
What is the highest common factor of 20056 and 1088728?
184
Calculate the highest common divisor of 196918 and 54.
2